{"id":11,"date":"2018-09-06T17:47:47","date_gmt":"2018-09-06T16:47:47","guid":{"rendered":"http:\/\/www.intexsound.de\/Commodore-Museum-Mannheim\/?page_id=11"},"modified":"2024-03-02T02:32:51","modified_gmt":"2024-03-02T01:32:51","slug":"about","status":"publish","type":"page","link":"https:\/\/www.intexsound.de\/Commodore-Museum-Mannheim\/about\/","title":{"rendered":"Impressum &#038; Datenschutz"},"content":{"rendered":"<p><span style=\"font-size: 27px; font-family: 'courier new', courier;\"><strong>Impressum<\/strong><\/span><\/p>\n<p><span style=\"font-family: 'courier new', courier;\"><strong>Angaben gem. \u00a7 5 TMG<\/strong><\/span><br \/>\n<span style=\"font-family: 'courier new', courier;\">Alexander Theodosiadis<\/span><br \/>\n<span style=\"font-family: 'courier new', courier;\">B 7, 13<\/span><br \/>\n<span style=\"font-family: 'courier new', courier;\">68159 Mannheim<\/span><\/p>\n<p><span style=\"font-family: 'courier new', courier;\"><strong>Kontakt<\/strong><\/span><br \/>\n<span style=\"font-family: 'courier new', courier;\">E-Mail: alex@intexsound.de<\/span><br \/>\n<span style=\"font-family: 'courier new', courier;\">Telefon: 01775623174<\/span><\/p>\n<p><span style=\"font-family: 'courier new', courier;\"><strong>Haftungsausschluss<\/strong><\/span><br \/>\n<span style=\"font-family: 'courier new', courier;\">Wir sind f\u00fcr die Inhalte unserer Internetseiten nach den Ma\u00dfgaben der allgemeinen Gesetzen, insbesondere nach \u00a7 7 Abs. 1 des Telemediengesetzes, verantwortlich. Alle Inhalte werden mit der gebotenen Sorgfalt und nach bestem Wissen erstellt. Soweit wir auf unseren Internetseiten mittels Hyperlink auf Internetseiten Dritter verweisen, k\u00f6nnen wir keine Gew\u00e4hr f\u00fcr die fortw\u00e4hrende Aktualit\u00e4t, Richtigkeit und Vollst\u00e4ndigkeit der verlinkten Inhalte \u00fcbernehmen, da diese Inhalte au\u00dferhalb unseres Verantwortungsbereichs liegen und wir auf die zuk\u00fcnftige Gestaltung keinen Einfluss haben. Sollten aus Ihrer Sicht Inhalte gegen geltendes Recht versto\u00dfen oder unangemessen sein, teilen Sie uns dies bitte mit. Die rechtlichen Hinweise auf dieser Seite sowie alle Fragen und Streitigkeiten im Zusammenhang mit der Gestaltung dieser Internetseite unterliegen dem Recht der Bundesrepublik Deutschland.<\/span><\/p>\n<p><span style=\"font-family: 'courier new', courier;\"><strong>Urheberrechtshinweis<\/strong><\/span><br \/>\n<span style=\"font-family: 'courier new', courier;\">Die auf unserer Internetseite vorhandenen Texte, Bilder, Fotos, Videos oder Grafiken unterliegen in der Regel dem Schutz des Urheberrechts. Jede unberechtigte Verwendung (insbesondere die Vervielf\u00e4ltigung, Bearbeitung oder Verbreitung) dieser urheberrechtsgesch\u00fctzten Inhalte ist daher untersagt. Wenn Sie beabsichtigen, diese Inhalte oder Teile davon zu verwenden, kontaktieren Sie uns bitte im Voraus unter den oben stehenden Angaben. Soweit wir nicht selbst Inhaber der ben\u00f6tigten urheberrechtlichen Nutzungsrechte sein sollten, bem\u00fchen wir uns, einen Kontakt zum Berechtigten zu vermitteln.<\/span><\/p>\n<p>&nbsp;<\/p>\n<p>&nbsp;<\/p>\n<h1><span style=\"font-size: 27px; font-family: 'courier new', courier;\"><strong>Datenschutzerkl\u00e4rung<\/strong><\/span><\/h1>\n<p><span style=\"font-family: 'courier new', courier;\">Stand: 2. M\u00e4rz 2024<\/span><\/p>\n<h2><span style=\"font-family: 'courier new', courier;\">Inhalts\u00fcbersicht<\/span><\/h2>\n<ul class=\"index\">\n<li><span style=\"font-family: 'courier new', courier;\"><a class=\"index-link\" href=\"#m3\">Verantwortlicher<\/a><\/span><\/li>\n<li><span style=\"font-family: 'courier new', courier;\"><a class=\"index-link\" href=\"#mOverview\">\u00dcbersicht der Verarbeitungen<\/a><\/span><\/li>\n<li><span style=\"font-family: 'courier new', courier;\"><a class=\"index-link\" href=\"#m2427\">Ma\u00dfgebliche Rechtsgrundlagen<\/a><\/span><\/li>\n<li><span style=\"font-family: 'courier new', courier;\"><a class=\"index-link\" href=\"#m27\">Sicherheitsma\u00dfnahmen<\/a><\/span><\/li>\n<li><span style=\"font-family: 'courier new', courier;\"><a class=\"index-link\" href=\"#m10\">Rechte der betroffenen Personen<\/a><\/span><\/li>\n<li><span style=\"font-family: 'courier new', courier;\"><a class=\"index-link\" href=\"#m225\">Bereitstellung des Onlineangebotes und Webhosting<\/a><\/span><\/li>\n<\/ul>\n<h2 id=\"m3\"><span style=\"font-family: 'courier new', courier;\">Verantwortlicher<\/span><\/h2>\n<p><span style=\"font-family: 'courier new', courier;\">Alexander Theodossiadis<\/span><br \/>\n<span style=\"font-family: 'courier new', courier;\">B7, 13<\/span><br \/>\n<span style=\"font-family: 'courier new', courier;\">68159 Mannheim<\/span><br \/>\n<span style=\"font-family: 'courier new', courier;\">E-Mail-Adresse: alex@intexsound.de<\/span><br \/>\n<span style=\"font-family: 'courier new', courier;\">Telefon: 0177 5623174<\/span><\/p>\n<h2 id=\"mOverview\"><span style=\"font-family: 'courier new', courier;\">\u00dcbersicht der Verarbeitungen<\/span><\/h2>\n<p><span style=\"font-family: 'courier new', courier;\">Die nachfolgende \u00dcbersicht fasst die Arten der verarbeiteten Daten und die Zwecke ihrer Verarbeitung zusammen und verweist auf die betroffenen Personen.<\/span><\/p>\n<h3><span style=\"font-family: 'courier new', courier;\">Arten der verarbeiteten Daten<\/span><\/h3>\n<ul>\n<li><span style=\"font-family: 'courier new', courier;\">Kontaktdaten.<\/span><\/li>\n<li><span style=\"font-family: 'courier new', courier;\">Inhaltsdaten.<\/span><\/li>\n<li><span style=\"font-family: 'courier new', courier;\">Nutzungsdaten.<\/span><\/li>\n<li><span style=\"font-family: 'courier new', courier;\">Meta-, Kommunikations- und Verfahrensdaten.<\/span><\/li>\n<\/ul>\n<h3><span style=\"font-family: 'courier new', courier;\">Kategorien betroffener Personen<\/span><\/h3>\n<ul>\n<li><span style=\"font-family: 'courier new', courier;\">Kommunikationspartner.<\/span><\/li>\n<li><span style=\"font-family: 'courier new', courier;\">Nutzer.<\/span><\/li>\n<\/ul>\n<h3><span style=\"font-family: 'courier new', courier;\">Zwecke der Verarbeitung<\/span><\/h3>\n<ul>\n<li><span style=\"font-family: 'courier new', courier;\">Kontaktanfragen und Kommunikation.<\/span><\/li>\n<li><span style=\"font-family: 'courier new', courier;\">Verwaltung und Beantwortung von Anfragen.<\/span><\/li>\n<li><span style=\"font-family: 'courier new', courier;\">Feedback.<\/span><\/li>\n<li><span style=\"font-family: 'courier new', courier;\">Bereitstellung unseres Onlineangebotes und Nutzerfreundlichkeit.<\/span><\/li>\n<li><span style=\"font-family: 'courier new', courier;\">Informationstechnische Infrastruktur.<\/span><\/li>\n<\/ul>\n<h2 id=\"m2427\"><span style=\"font-family: 'courier new', courier;\">Ma\u00dfgebliche Rechtsgrundlagen<\/span><\/h2>\n<p><span style=\"font-family: 'courier new', courier;\"><strong>Ma\u00dfgebliche Rechtsgrundlagen nach der DSGVO: <\/strong>Im Folgenden erhalten Sie eine \u00dcbersicht der Rechtsgrundlagen der DSGVO, auf deren Basis wir personenbezogene Daten verarbeiten. Bitte nehmen Sie zur Kenntnis, dass neben den Regelungen der DSGVO nationale Datenschutzvorgaben in Ihrem bzw. unserem Wohn- oder Sitzland gelten k\u00f6nnen. Sollten ferner im Einzelfall speziellere Rechtsgrundlagen ma\u00dfgeblich sein, teilen wir Ihnen diese in der Datenschutzerkl\u00e4rung mit.<\/span><\/p>\n<ul>\n<li><span style=\"font-family: 'courier new', courier;\"><strong>Berechtigte Interessen (Art. 6 Abs. 1 S. 1 lit. f) DSGVO)<\/strong> &#8211; Die Verarbeitung ist zur Wahrung der berechtigten Interessen des Verantwortlichen oder eines Dritten erforderlich, sofern nicht die Interessen oder Grundrechte und Grundfreiheiten der betroffenen Person, die den Schutz personenbezogener Daten erfordern, \u00fcberwiegen.<\/span><\/li>\n<\/ul>\n<p><span style=\"font-family: 'courier new', courier;\"><strong>Nationale Datenschutzregelungen in Deutschland: <\/strong>Zus\u00e4tzlich zu den Datenschutzregelungen der DSGVO gelten nationale Regelungen zum Datenschutz in Deutschland. Hierzu geh\u00f6rt insbesondere das Gesetz zum Schutz vor Missbrauch personenbezogener Daten bei der Datenverarbeitung (Bundesdatenschutzgesetz \u2013 BDSG). Das BDSG enth\u00e4lt insbesondere Spezialregelungen zum Recht auf Auskunft, zum Recht auf L\u00f6schung, zum Widerspruchsrecht, zur Verarbeitung besonderer Kategorien personenbezogener Daten, zur Verarbeitung f\u00fcr andere Zwecke und zur \u00dcbermittlung sowie automatisierten Entscheidungsfindung im Einzelfall einschlie\u00dflich Profiling. Ferner k\u00f6nnen Landesdatenschutzgesetze der einzelnen Bundesl\u00e4nder zur Anwendung gelangen.<\/span><\/p>\n<p><span style=\"font-family: 'courier new', courier;\"><strong>Hinweis auf Geltung DSGVO und Schweizer DSG: <\/strong>Diese Datenschutzhinweise dienen sowohl der Informationserteilung nach dem schweizerischen Bundesgesetz \u00fcber den Datenschutz (Schweizer DSG) als auch nach der Datenschutzgrundverordnung (DSGVO). Aus diesem Grund bitten wir Sie zu beachten, dass aufgrund der breiteren r\u00e4umlichen Anwendung und Verst\u00e4ndlichkeit die Begriffe der DSGVO verwendet werden. Insbesondere statt der im Schweizer DSG verwendeten Begriffe \u201eBearbeitung&#8221; von \u201ePersonendaten&#8221;, &#8220;\u00fcberwiegendes Interesse&#8221; und &#8220;besonders sch\u00fctzenswerte Personendaten&#8221; werden die in der DSGVO verwendeten Begriffe \u201eVerarbeitung&#8221; von \u201epersonenbezogenen Daten&#8221; sowie &#8220;berechtigtes Interesse&#8221; und &#8220;besondere Kategorien von Daten&#8221; verwendet. Die gesetzliche Bedeutung der Begriffe wird jedoch im Rahmen der Geltung des Schweizer DSG weiterhin nach dem Schweizer DSG bestimmt.<\/span><\/p>\n<h2 id=\"m27\"><span style=\"font-family: 'courier new', courier;\">Sicherheitsma\u00dfnahmen<\/span><\/h2>\n<p><span style=\"font-family: 'courier new', courier;\">Wir treffen nach Ma\u00dfgabe der gesetzlichen Vorgaben unter Ber\u00fccksichtigung des Stands der Technik, der Implementierungskosten und der Art, des Umfangs, der Umst\u00e4nde und der Zwecke der Verarbeitung sowie der unterschiedlichen Eintrittswahrscheinlichkeiten und des Ausma\u00dfes der Bedrohung der Rechte und Freiheiten nat\u00fcrlicher Personen geeignete technische und organisatorische Ma\u00dfnahmen, um ein dem Risiko angemessenes Schutzniveau zu gew\u00e4hrleisten.<\/span><\/p>\n<p><span style=\"font-family: 'courier new', courier;\">Zu den Ma\u00dfnahmen geh\u00f6ren insbesondere die Sicherung der Vertraulichkeit, Integrit\u00e4t und Verf\u00fcgbarkeit von Daten durch Kontrolle des physischen und elektronischen Zugangs zu den Daten als auch des sie betreffenden Zugriffs, der Eingabe, der Weitergabe, der Sicherung der Verf\u00fcgbarkeit und ihrer Trennung. Des Weiteren haben wir Verfahren eingerichtet, die eine Wahrnehmung von Betroffenenrechten, die L\u00f6schung von Daten und Reaktionen auf die Gef\u00e4hrdung der Daten gew\u00e4hrleisten. Ferner ber\u00fccksichtigen wir den Schutz personenbezogener Daten bereits bei der Entwicklung bzw. Auswahl von Hardware, Software sowie Verfahren entsprechend dem Prinzip des Datenschutzes, durch Technikgestaltung und durch datenschutzfreundliche Voreinstellungen.<\/span><\/p>\n<h2 id=\"m10\"><span style=\"font-family: 'courier new', courier;\">Rechte der betroffenen Personen<\/span><\/h2>\n<p><span style=\"font-family: 'courier new', courier;\">Rechte der betroffenen Personen aus der DSGVO: Ihnen stehen als Betroffene nach der DSGVO verschiedene Rechte zu, die sich insbesondere aus Art. 15 bis 21 DSGVO ergeben:<\/span><\/p>\n<ul>\n<li><span style=\"font-family: 'courier new', courier;\"><strong>Widerspruchsrecht: Sie haben das Recht, aus Gr\u00fcnden, die sich aus Ihrer besonderen Situation ergeben, jederzeit gegen die Verarbeitung der Sie betreffenden personenbezogenen Daten, die aufgrund von Art. 6 Abs. 1 lit. e oder f DSGVO erfolgt, Widerspruch einzulegen; dies gilt auch f\u00fcr ein auf diese Bestimmungen gest\u00fctztes Profiling. Werden die Sie betreffenden personenbezogenen Daten verarbeitet, um Direktwerbung zu betreiben, haben Sie das Recht, jederzeit Widerspruch gegen die Verarbeitung der Sie betreffenden personenbezogenen Daten zum Zwecke derartiger Werbung einzulegen; dies gilt auch f\u00fcr das Profiling, soweit es mit solcher Direktwerbung in Verbindung steht.<\/strong><\/span><\/li>\n<li><span style=\"font-family: 'courier new', courier;\"><strong>Widerrufsrecht bei Einwilligungen:<\/strong> Sie haben das Recht, erteilte Einwilligungen jederzeit zu widerrufen.<\/span><\/li>\n<li><span style=\"font-family: 'courier new', courier;\"><strong>Auskunftsrecht:<\/strong> Sie haben das Recht, eine Best\u00e4tigung dar\u00fcber zu verlangen, ob betreffende Daten verarbeitet werden und auf Auskunft \u00fcber diese Daten sowie auf weitere Informationen und Kopie der Daten entsprechend den gesetzlichen Vorgaben.<\/span><\/li>\n<li><span style=\"font-family: 'courier new', courier;\"><strong>Recht auf Berichtigung:<\/strong> Sie haben entsprechend den gesetzlichen Vorgaben das Recht, die Vervollst\u00e4ndigung der Sie betreffenden Daten oder die Berichtigung der Sie betreffenden unrichtigen Daten zu verlangen.<\/span><\/li>\n<li><span style=\"font-family: 'courier new', courier;\"><strong>Recht auf L\u00f6schung und Einschr\u00e4nkung der Verarbeitung:<\/strong> Sie haben nach Ma\u00dfgabe der gesetzlichen Vorgaben das Recht, zu verlangen, dass Sie betreffende Daten unverz\u00fcglich gel\u00f6scht werden, bzw. alternativ nach Ma\u00dfgabe der gesetzlichen Vorgaben eine Einschr\u00e4nkung der Verarbeitung der Daten zu verlangen.<\/span><\/li>\n<li><span style=\"font-family: 'courier new', courier;\"><strong>Recht auf Daten\u00fcbertragbarkeit:<\/strong> Sie haben das Recht, Sie betreffende Daten, die Sie uns bereitgestellt haben, nach Ma\u00dfgabe der gesetzlichen Vorgaben in einem strukturierten, g\u00e4ngigen und maschinenlesbaren Format zu erhalten oder deren \u00dcbermittlung an einen anderen Verantwortlichen zu fordern.<\/span><\/li>\n<li><span style=\"font-family: 'courier new', courier;\"><strong>Beschwerde bei Aufsichtsbeh\u00f6rde:<\/strong> Sie haben unbeschadet eines anderweitigen verwaltungsrechtlichen oder gerichtlichen Rechtsbehelfs das Recht auf Beschwerde bei einer Aufsichtsbeh\u00f6rde, insbesondere in dem Mitgliedstaat ihres gew\u00f6hnlichen Aufenthaltsorts, ihres Arbeitsplatzes oder des Orts des mutma\u00dflichen Versto\u00dfes, wenn Sie der Ansicht sind, dass die Verarbeitung der Sie betreffenden personenbezogenen Daten gegen die Vorgaben der DSGVO verst\u00f6\u00dft.<\/span><\/li>\n<\/ul>\n<h2 id=\"m225\"><span style=\"font-family: 'courier new', courier;\">Bereitstellung des Onlineangebotes und Webhosting<\/span><\/h2>\n<p><span style=\"font-family: 'courier new', courier;\">Wir verarbeiten die Daten der Nutzer, um ihnen unsere Online-Dienste zur Verf\u00fcgung stellen zu k\u00f6nnen. Zu diesem Zweck verarbeiten wir die IP-Adresse des Nutzers, die notwendig ist, um die Inhalte und Funktionen unserer Online-Dienste an den Browser oder das Endger\u00e4t der Nutzer zu \u00fcbermitteln.<\/span><\/p>\n<ul class=\"m-elements\">\n<li><span style=\"font-family: 'courier new', courier;\"><strong>Verarbeitete Datenarten:<\/strong> Nutzungsdaten (z.\u00a0B. besuchte Webseiten, Interesse an Inhalten, Zugriffszeiten); Meta-, Kommunikations- und Verfahrensdaten (z.\u00a0B. IP-Adressen, Zeitangaben, Identifikationsnummern, Einwilligungsstatus); Inhaltsdaten (z.\u00a0.B. Eingaben in Onlineformularen).<\/span><\/li>\n<li><span style=\"font-family: 'courier new', courier;\"><strong>Betroffene Personen:<\/strong> Nutzer (z.\u00a0.B. Webseitenbesucher, Nutzer von Onlinediensten).<\/span><\/li>\n<li><span style=\"font-family: 'courier new', courier;\"><strong>Zwecke der Verarbeitung:<\/strong> Bereitstellung unseres Onlineangebotes und Nutzerfreundlichkeit. Informationstechnische Infrastruktur (Betrieb und Bereitstellung von Informationssystemen und technischen Ger\u00e4ten (Computer, Server etc.).).<\/span><\/li>\n<li class=\"\"><span style=\"font-family: 'courier new', courier;\"><strong>Rechtsgrundlagen:<\/strong> Berechtigte Interessen (Art. 6 Abs. 1 S. 1 lit. f) DSGVO).<\/span><\/li>\n<\/ul>\n<p><span style=\"font-family: 'courier new', courier;\"><strong>Weitere Hinweise zu Verarbeitungsprozessen, Verfahren und Diensten:<\/strong><\/span><\/p>\n<ul class=\"m-elements\">\n<li><span style=\"font-family: 'courier new', courier;\"><strong>Bereitstellung Onlineangebot auf gemietetem Speicherplatz: <\/strong>F\u00fcr die Bereitstellung unseres Onlineangebotes nutzen wir Speicherplatz, Rechenkapazit\u00e4t und Software, die wir von einem entsprechenden Serveranbieter (auch &#8220;Webhoster&#8221; genannt) mieten oder anderweitig beziehen; <span class=\"\"><strong>Rechtsgrundlagen:<\/strong> Berechtigte Interessen (Art. 6 Abs. 1 S. 1 lit. f) DSGVO).<\/span><\/span><\/li>\n<li><span style=\"font-family: 'courier new', courier;\"><strong>STRATO: <\/strong>Leistungen auf dem Gebiet der Bereitstellung von informationstechnischer Infrastruktur und verbundenen Dienstleistungen (z.\u00a0B. Speicherplatz und\/oder Rechenkapazit\u00e4ten); <strong>Dienstanbieter:<\/strong> STRATO AG, Pascalstra\u00dfe 10,10587 Berlin, Deutschland; <span class=\"\"><strong>Rechtsgrundlagen:<\/strong> Berechtigte Interessen (Art. 6 Abs. 1 S. 1 lit. f) DSGVO); <\/span><strong>Website:<\/strong> <a href=\"https:\/\/www.strato.de\" target=\"_blank\" rel=\"noopener\">https:\/\/www.strato.de<\/a>; <strong>Datenschutzerkl\u00e4rung:<\/strong> <a href=\"https:\/\/www.strato.de\/datenschutz\/\" target=\"_blank\" rel=\"noopener\">https:\/\/www.strato.de\/datenschutz\/<\/a>. <strong>Auftragsverarbeitungsvertrag:<\/strong> Wird vom Dienstanbieter bereitgestellt.<\/span><\/li>\n<li><span style=\"font-family: 'courier new', courier;\"><strong>WordPress.com: <\/strong>Hosting und Software f\u00fcr die Erstellung, Bereitstellung und den Betrieb von Websites, Blogs und anderen Onlineangeboten; <strong>Dienstanbieter:<\/strong> Aut O\u2019Mattic A8C Irland Ltd., Grand Canal Dock, 25 Herbert Pl, Dublin, D02 AY86, Irland; <span class=\"\"><strong>Rechtsgrundlagen:<\/strong> Berechtigte Interessen (Art. 6 Abs. 1 S. 1 lit. f) DSGVO); <\/span><strong>Website:<\/strong> <a href=\"https:\/\/wordpress.com\" target=\"_blank\" rel=\"noopener\">https:\/\/wordpress.com<\/a>; <strong>Datenschutzerkl\u00e4rung:<\/strong> <a href=\"https:\/\/automattic.com\/de\/privacy\/\" target=\"_blank\" rel=\"noopener\">https:\/\/automattic.com\/de\/privacy\/<\/a>; <strong>Auftragsverarbeitungsvertrag:<\/strong> <a href=\"https:\/\/wordpress.com\/support\/data-processing-agreements\/\" target=\"_blank\" rel=\"noopener\">https:\/\/wordpress.com\/support\/data-processing-agreements\/<\/a>. <strong>Grundlage Drittlandtransfers:<\/strong> Data Privacy Framework (DPF).<\/span><\/li>\n<\/ul>\n<p class=\"seal\"><span style=\"font-family: 'courier new', courier;\"><a title=\"Rechtstext von Dr. Schwenke - f\u00fcr weitere Informationen bitte anklicken.\" href=\"https:\/\/datenschutz-generator.de\/\" target=\"_blank\" rel=\"noopener noreferrer nofollow\">Erstellt mit kostenlosem Datenschutz-Generator.de von Dr. Thomas Schwenke<\/a><\/span><\/p>\n","protected":false},"excerpt":{"rendered":"<p>Impressum Angaben gem. \u00a7 5 TMG Alexander Theodosiadis B 7, 13 68159 Mannheim Kontakt E-Mail: alex@intexsound.de Telefon: 01775623174 Haftungsausschluss Wir sind f\u00fcr die Inhalte unserer Internetseiten nach den Ma\u00dfgaben der allgemeinen Gesetzen, insbesondere nach \u00a7 7 Abs. 1 des Telemediengesetzes, verantwortlich. Alle Inhalte werden mit der gebotenen Sorgfalt und nach bestem Wissen erstellt. Soweit wir [&hellip;]<\/p>\n","protected":false},"author":1,"featured_media":0,"parent":0,"menu_order":3,"comment_status":"closed","ping_status":"closed","template":"","meta":{"cybocfi_hide_featured_image":"","footnotes":"","_links_to":"","_links_to_target":""},"class_list":["post-11","page","type-page","status-publish","hentry"],"_links":{"self":[{"href":"https:\/\/www.intexsound.de\/Commodore-Museum-Mannheim\/wp-json\/wp\/v2\/pages\/11","targetHints":{"allow":["GET"]}}],"collection":[{"href":"https:\/\/www.intexsound.de\/Commodore-Museum-Mannheim\/wp-json\/wp\/v2\/pages"}],"about":[{"href":"https:\/\/www.intexsound.de\/Commodore-Museum-Mannheim\/wp-json\/wp\/v2\/types\/page"}],"author":[{"embeddable":true,"href":"https:\/\/www.intexsound.de\/Commodore-Museum-Mannheim\/wp-json\/wp\/v2\/users\/1"}],"replies":[{"embeddable":true,"href":"https:\/\/www.intexsound.de\/Commodore-Museum-Mannheim\/wp-json\/wp\/v2\/comments?post=11"}],"version-history":[{"count":0,"href":"https:\/\/www.intexsound.de\/Commodore-Museum-Mannheim\/wp-json\/wp\/v2\/pages\/11\/revisions"}],"wp:attachment":[{"href":"https:\/\/www.intexsound.de\/Commodore-Museum-Mannheim\/wp-json\/wp\/v2\/media?parent=11"}],"curies":[{"name":"wp","href":"https:\/\/api.w.org\/{rel}","templated":true}]}}